{"id":7987,"date":"2024-11-11T10:28:08","date_gmt":"2024-11-11T09:28:08","guid":{"rendered":"https:\/\/koege.anvil.dk\/?post_type=tribe_events&#038;p=7987"},"modified":"2026-02-25T14:37:41","modified_gmt":"2026-02-25T13:37:41","slug":"moed-julemanden-1-loerdag","status":"publish","type":"tribe_events","link":"https:\/\/koege.anvil.dk\/?tribe_events=moed-julemanden-1-loerdag","title":{"rendered":"M\u00f8d Julemanden"},"content":{"rendered":"<p>K\u00f8ge f\u00e5r igen i \u00e5r bes\u00f8g af selveste Julemanden!<\/p>\n<p>L\u00f8rdag den 5. december, kan du nemlig m\u00f8de Julemanden, hvor han som altid deler godter ud til alle de s\u00f8de og artige b\u00f8rn i K\u00f8ge. Julemanden starter sin tur fra Torvet, hvorefter han g\u00e5r rundt i byens hyggelige handelsgader og spreder julegl\u00e6de mellem kl. 12.00-13.00.<\/p>\n<p>Kom og v\u00e6r med til at skabe en fantastisk julestemning i K\u00f8ge, og v\u00e6r klar til at hilse p\u00e5 Julemanden de to l\u00f8rdage i december inden vi vinker farvel igen til vores <a href=\"https:\/\/koege.anvil.dk\/event\/fakkeloptog\/\" target=\"_blank\" rel=\"noopener\">Fakkeloptog<\/a>.<\/p>\n<p>G\u00f8r din juleshopping endnu sjovere med et bes\u00f8g fra julemanden.<\/p>\n<div class=\"x14z9mp xat24cr x1lziwak x1vvkbs xtlvy1s\"><\/div>\n","protected":false},"excerpt":{"rendered":"<p>M\u00f8d Julemanden, n\u00e5r han g\u00e5r rundt og spreder julegl\u00e6de for store og sm\u00e5 i handelsgaderne. <\/p>\n","protected":false},"author":6,"featured_media":9312,"template":"","meta":{"_tribe_events_status":"","_tribe_events_status_reason":"","footnotes":""},"tags":[],"tribe_events_cat":[],"class_list":["post-7987","tribe_events","type-tribe_events","status-publish","has-post-thumbnail","hentry"],"yoast_head":"<!-- This site is optimized with the Yoast SEO plugin v27.2 - https:\/\/yoast.com\/product\/yoast-seo-wordpress\/ -->\n<title>M\u00f8d Julemanden - K\u00f8ge Handel<\/title>\n<meta name=\"robots\" content=\"noindex, follow, max-snippet:-1, max-image-preview:large, max-video-preview:-1\" \/>\n<meta property=\"og:locale\" content=\"da_DK\" \/>\n<meta property=\"og:type\" content=\"article\" \/>\n<meta property=\"og:title\" content=\"M\u00f8d Julemanden - K\u00f8ge Handel\" \/>\n<meta property=\"og:description\" content=\"M\u00f8d Julemanden, n\u00e5r han g\u00e5r rundt og spreder julegl\u00e6de for store og sm\u00e5 i handelsgaderne.\" \/>\n<meta property=\"og:url\" content=\"https:\/\/koege.anvil.dk\/event\/moed-julemanden-1-loerdag\/\" \/>\n<meta property=\"og:site_name\" content=\"K\u00f8ge Handel\" \/>\n<meta property=\"article:modified_time\" content=\"2026-02-25T13:37:41+00:00\" \/>\n<meta property=\"og:image\" content=\"http:\/\/koege.anvil.dk\/wp-content\/uploads\/2024\/01\/Moed-Julemanden-1.webp\" \/>\n\t<meta property=\"og:image:width\" content=\"1200\" \/>\n\t<meta property=\"og:image:height\" content=\"600\" \/>\n\t<meta property=\"og:image:type\" content=\"image\/webp\" \/>\n<meta name=\"twitter:card\" content=\"summary_large_image\" \/>\n<meta name=\"twitter:label1\" content=\"Estimeret l\u00e6setid\" \/>\n\t<meta name=\"twitter:data1\" content=\"1 minut\" \/>\n<script type=\"application\/ld+json\" class=\"yoast-schema-graph\">{\"@context\":\"https:\/\/schema.org\",\"@graph\":[{\"@type\":\"WebPage\",\"@id\":\"https:\/\/koege.anvil.dk\/event\/moed-julemanden-1-loerdag\/\",\"url\":\"https:\/\/koege.anvil.dk\/event\/moed-julemanden-1-loerdag\/\",\"name\":\"M\u00f8d Julemanden - K\u00f8ge Handel\",\"isPartOf\":{\"@id\":\"https:\/\/koege.anvil.dk\/#website\"},\"primaryImageOfPage\":{\"@id\":\"https:\/\/koege.anvil.dk\/event\/moed-julemanden-1-loerdag\/#primaryimage\"},\"image\":{\"@id\":\"https:\/\/koege.anvil.dk\/event\/moed-julemanden-1-loerdag\/#primaryimage\"},\"thumbnailUrl\":\"https:\/\/koege.anvil.dk\/wp-content\/uploads\/2024\/01\/Moed-Julemanden-1.webp\",\"datePublished\":\"2024-11-11T09:28:08+00:00\",\"dateModified\":\"2026-02-25T13:37:41+00:00\",\"breadcrumb\":{\"@id\":\"https:\/\/koege.anvil.dk\/event\/moed-julemanden-1-loerdag\/#breadcrumb\"},\"inLanguage\":\"da-DK\",\"potentialAction\":[{\"@type\":\"ReadAction\",\"target\":[\"https:\/\/koege.anvil.dk\/event\/moed-julemanden-1-loerdag\/\"]}]},{\"@type\":\"ImageObject\",\"inLanguage\":\"da-DK\",\"@id\":\"https:\/\/koege.anvil.dk\/event\/moed-julemanden-1-loerdag\/#primaryimage\",\"url\":\"https:\/\/koege.anvil.dk\/wp-content\/uploads\/2024\/01\/Moed-Julemanden-1.webp\",\"contentUrl\":\"https:\/\/koege.anvil.dk\/wp-content\/uploads\/2024\/01\/Moed-Julemanden-1.webp\",\"width\":1200,\"height\":600,\"caption\":\"M\u00f8d Julemanden i K\u00f8ge\"},{\"@type\":\"BreadcrumbList\",\"@id\":\"https:\/\/koege.anvil.dk\/event\/moed-julemanden-1-loerdag\/#breadcrumb\",\"itemListElement\":[{\"@type\":\"ListItem\",\"position\":1,\"name\":\"Home\",\"item\":\"https:\/\/koege.anvil.dk\/\"},{\"@type\":\"ListItem\",\"position\":2,\"name\":\"Begivenheder\",\"item\":\"https:\/\/koege.anvil.dk\/events\/\"},{\"@type\":\"ListItem\",\"position\":3,\"name\":\"M\u00f8d Julemanden\"}]},{\"@type\":\"WebSite\",\"@id\":\"https:\/\/koege.anvil.dk\/#website\",\"url\":\"https:\/\/koege.anvil.dk\/\",\"name\":\"K\u00f8ge Handel\",\"description\":\"\",\"publisher\":{\"@id\":\"https:\/\/koege.anvil.dk\/#organization\"},\"potentialAction\":[{\"@type\":\"SearchAction\",\"target\":{\"@type\":\"EntryPoint\",\"urlTemplate\":\"https:\/\/koege.anvil.dk\/?s={search_term_string}\"},\"query-input\":{\"@type\":\"PropertyValueSpecification\",\"valueRequired\":true,\"valueName\":\"search_term_string\"}}],\"inLanguage\":\"da-DK\"},{\"@type\":\"Organization\",\"@id\":\"https:\/\/koege.anvil.dk\/#organization\",\"name\":\"K\u00f8ge Handel\",\"url\":\"https:\/\/koege.anvil.dk\/\",\"logo\":{\"@type\":\"ImageObject\",\"inLanguage\":\"da-DK\",\"@id\":\"https:\/\/koege.anvil.dk\/#\/schema\/logo\/image\/\",\"url\":\"http:\/\/koege.anvil.dk\/wp-content\/uploads\/2023\/10\/Koegehandel-logo.webp\",\"contentUrl\":\"http:\/\/koege.anvil.dk\/wp-content\/uploads\/2023\/10\/Koegehandel-logo.webp\",\"width\":600,\"height\":109,\"caption\":\"K\u00f8ge Handel\"},\"image\":{\"@id\":\"https:\/\/koege.anvil.dk\/#\/schema\/logo\/image\/\"}}]}<\/script>\n<!-- \/ Yoast SEO plugin. -->","yoast_head_json":{"title":"M\u00f8d Julemanden - K\u00f8ge Handel","robots":{"index":"noindex","follow":"follow","max-snippet":"max-snippet:-1","max-image-preview":"max-image-preview:large","max-video-preview":"max-video-preview:-1"},"og_locale":"da_DK","og_type":"article","og_title":"M\u00f8d Julemanden - K\u00f8ge Handel","og_description":"M\u00f8d Julemanden, n\u00e5r han g\u00e5r rundt og spreder julegl\u00e6de for store og sm\u00e5 i handelsgaderne.","og_url":"https:\/\/koege.anvil.dk\/event\/moed-julemanden-1-loerdag\/","og_site_name":"K\u00f8ge Handel","article_modified_time":"2026-02-25T13:37:41+00:00","og_image":[{"width":1200,"height":600,"url":"http:\/\/koege.anvil.dk\/wp-content\/uploads\/2024\/01\/Moed-Julemanden-1.webp","type":"image\/webp"}],"twitter_card":"summary_large_image","twitter_misc":{"Estimeret l\u00e6setid":"1 minut"},"schema":{"@context":"https:\/\/schema.org","@graph":[{"@type":"WebPage","@id":"https:\/\/koege.anvil.dk\/event\/moed-julemanden-1-loerdag\/","url":"https:\/\/koege.anvil.dk\/event\/moed-julemanden-1-loerdag\/","name":"M\u00f8d Julemanden - K\u00f8ge Handel","isPartOf":{"@id":"https:\/\/koege.anvil.dk\/#website"},"primaryImageOfPage":{"@id":"https:\/\/koege.anvil.dk\/event\/moed-julemanden-1-loerdag\/#primaryimage"},"image":{"@id":"https:\/\/koege.anvil.dk\/event\/moed-julemanden-1-loerdag\/#primaryimage"},"thumbnailUrl":"https:\/\/koege.anvil.dk\/wp-content\/uploads\/2024\/01\/Moed-Julemanden-1.webp","datePublished":"2024-11-11T09:28:08+00:00","dateModified":"2026-02-25T13:37:41+00:00","breadcrumb":{"@id":"https:\/\/koege.anvil.dk\/event\/moed-julemanden-1-loerdag\/#breadcrumb"},"inLanguage":"da-DK","potentialAction":[{"@type":"ReadAction","target":["https:\/\/koege.anvil.dk\/event\/moed-julemanden-1-loerdag\/"]}]},{"@type":"ImageObject","inLanguage":"da-DK","@id":"https:\/\/koege.anvil.dk\/event\/moed-julemanden-1-loerdag\/#primaryimage","url":"https:\/\/koege.anvil.dk\/wp-content\/uploads\/2024\/01\/Moed-Julemanden-1.webp","contentUrl":"https:\/\/koege.anvil.dk\/wp-content\/uploads\/2024\/01\/Moed-Julemanden-1.webp","width":1200,"height":600,"caption":"M\u00f8d Julemanden i K\u00f8ge"},{"@type":"BreadcrumbList","@id":"https:\/\/koege.anvil.dk\/event\/moed-julemanden-1-loerdag\/#breadcrumb","itemListElement":[{"@type":"ListItem","position":1,"name":"Home","item":"https:\/\/koege.anvil.dk\/"},{"@type":"ListItem","position":2,"name":"Begivenheder","item":"https:\/\/koege.anvil.dk\/events\/"},{"@type":"ListItem","position":3,"name":"M\u00f8d Julemanden"}]},{"@type":"WebSite","@id":"https:\/\/koege.anvil.dk\/#website","url":"https:\/\/koege.anvil.dk\/","name":"K\u00f8ge Handel","description":"","publisher":{"@id":"https:\/\/koege.anvil.dk\/#organization"},"potentialAction":[{"@type":"SearchAction","target":{"@type":"EntryPoint","urlTemplate":"https:\/\/koege.anvil.dk\/?s={search_term_string}"},"query-input":{"@type":"PropertyValueSpecification","valueRequired":true,"valueName":"search_term_string"}}],"inLanguage":"da-DK"},{"@type":"Organization","@id":"https:\/\/koege.anvil.dk\/#organization","name":"K\u00f8ge Handel","url":"https:\/\/koege.anvil.dk\/","logo":{"@type":"ImageObject","inLanguage":"da-DK","@id":"https:\/\/koege.anvil.dk\/#\/schema\/logo\/image\/","url":"http:\/\/koege.anvil.dk\/wp-content\/uploads\/2023\/10\/Koegehandel-logo.webp","contentUrl":"http:\/\/koege.anvil.dk\/wp-content\/uploads\/2023\/10\/Koegehandel-logo.webp","width":600,"height":109,"caption":"K\u00f8ge Handel"},"image":{"@id":"https:\/\/koege.anvil.dk\/#\/schema\/logo\/image\/"}}]}},"_links":{"self":[{"href":"https:\/\/koege.anvil.dk\/index.php?rest_route=\/wp\/v2\/tribe_events\/7987","targetHints":{"allow":["GET"]}}],"collection":[{"href":"https:\/\/koege.anvil.dk\/index.php?rest_route=\/wp\/v2\/tribe_events"}],"about":[{"href":"https:\/\/koege.anvil.dk\/index.php?rest_route=\/wp\/v2\/types\/tribe_events"}],"author":[{"embeddable":true,"href":"https:\/\/koege.anvil.dk\/index.php?rest_route=\/wp\/v2\/users\/6"}],"version-history":[{"count":0,"href":"https:\/\/koege.anvil.dk\/index.php?rest_route=\/wp\/v2\/tribe_events\/7987\/revisions"}],"wp:featuredmedia":[{"embeddable":true,"href":"https:\/\/koege.anvil.dk\/index.php?rest_route=\/wp\/v2\/media\/9312"}],"wp:attachment":[{"href":"https:\/\/koege.anvil.dk\/index.php?rest_route=%2Fwp%2Fv2%2Fmedia&parent=7987"}],"wp:term":[{"taxonomy":"post_tag","embeddable":true,"href":"https:\/\/koege.anvil.dk\/index.php?rest_route=%2Fwp%2Fv2%2Ftags&post=7987"},{"taxonomy":"tribe_events_cat","embeddable":true,"href":"https:\/\/koege.anvil.dk\/index.php?rest_route=%2Fwp%2Fv2%2Ftribe_events_cat&post=7987"}],"curies":[{"name":"wp","href":"https:\/\/api.w.org\/{rel}","templated":true}]}}

Mød Julemanden

<p>Køge får igen i år besøg af selveste Julemanden!</p>
<p>Lørdag den 5. december, kan du nemlig møde Julemanden, hvor han som altid deler godter ud til alle de søde og artige børn i Køge. Julemanden starter sin tur fra Torvet, hvorefter han går rundt i byens hyggelige handelsgader og spreder juleglæde mellem kl. 12.00-13.00.</p>
<p>Kom og vær med til at skabe en fantastisk julestemning i Køge, og vær klar til at hilse på Julemanden de to lørdage i december inden vi vinker farvel igen til vores <a href="https://koege.anvil.dk/event/fakkeloptog/" target="_blank" rel="noopener">Fakkeloptog</a>.</p>
<p>Gør din juleshopping endnu sjovere med et besøg fra julemanden.</p>
<div class="x14z9mp xat24cr x1lziwak x1vvkbs xtlvy1s"></div>

<p>Mød Julemanden, når han går rundt og spreder juleglæde for store og små i handelsgaderne. </p>

<!-- This site is optimized with the Yoast SEO plugin v27.2 - https://yoast.com/product/yoast-seo-wordpress/ -->
<title>Mød Julemanden - Køge Handel</title>
<meta name="robots" content="noindex, follow, max-snippet:-1, max-image-preview:large, max-video-preview:-1" />
<meta property="og:locale" content="da_DK" />
<meta property="og:type" content="article" />
<meta property="og:title" content="Mød Julemanden - Køge Handel" />
<meta property="og:description" content="Mød Julemanden, når han går rundt og spreder juleglæde for store og små i handelsgaderne." />
<meta property="og:url" content="https://koege.anvil.dk/event/moed-julemanden-1-loerdag/" />
<meta property="og:site_name" content="Køge Handel" />
<meta property="article:modified_time" content="2026-02-25T13:37:41+00:00" />
<meta property="og:image" content="http://koege.anvil.dk/wp-content/uploads/2024/01/Moed-Julemanden-1.webp" />
	<meta property="og:image:width" content="1200" />
	<meta property="og:image:height" content="600" />
	<meta property="og:image:type" content="image/webp" />
<meta name="twitter:card" content="summary_large_image" />
<meta name="twitter:label1" content="Estimeret læsetid" />
	<meta name="twitter:data1" content="1 minut" />
<script type="application/ld+json" class="yoast-schema-graph">{"@context":"https://schema.org","@graph":[{"@type":"WebPage","@id":"https://koege.anvil.dk/event/moed-julemanden-1-loerdag/","url":"https://koege.anvil.dk/event/moed-julemanden-1-loerdag/","name":"Mød Julemanden - Køge Handel","isPartOf":{"@id":"https://koege.anvil.dk/#website"},"primaryImageOfPage":{"@id":"https://koege.anvil.dk/event/moed-julemanden-1-loerdag/#primaryimage"},"image":{"@id":"https://koege.anvil.dk/event/moed-julemanden-1-loerdag/#primaryimage"},"thumbnailUrl":"https://koege.anvil.dk/wp-content/uploads/2024/01/Moed-Julemanden-1.webp","datePublished":"2024-11-11T09:28:08+00:00","dateModified":"2026-02-25T13:37:41+00:00","breadcrumb":{"@id":"https://koege.anvil.dk/event/moed-julemanden-1-loerdag/#breadcrumb"},"inLanguage":"da-DK","potentialAction":[{"@type":"ReadAction","target":["https://koege.anvil.dk/event/moed-julemanden-1-loerdag/"]}]},{"@type":"ImageObject","inLanguage":"da-DK","@id":"https://koege.anvil.dk/event/moed-julemanden-1-loerdag/#primaryimage","url":"https://koege.anvil.dk/wp-content/uploads/2024/01/Moed-Julemanden-1.webp","contentUrl":"https://koege.anvil.dk/wp-content/uploads/2024/01/Moed-Julemanden-1.webp","width":1200,"height":600,"caption":"Mød Julemanden i Køge"},{"@type":"BreadcrumbList","@id":"https://koege.anvil.dk/event/moed-julemanden-1-loerdag/#breadcrumb","itemListElement":[{"@type":"ListItem","position":1,"name":"Home","item":"https://koege.anvil.dk/"},{"@type":"ListItem","position":2,"name":"Begivenheder","item":"https://koege.anvil.dk/events/"},{"@type":"ListItem","position":3,"name":"Mød Julemanden"}]},{"@type":"WebSite","@id":"https://koege.anvil.dk/#website","url":"https://koege.anvil.dk/","name":"Køge Handel","description":"","publisher":{"@id":"https://koege.anvil.dk/#organization"},"potentialAction":[{"@type":"SearchAction","target":{"@type":"EntryPoint","urlTemplate":"https://koege.anvil.dk/?s={search_term_string}"},"query-input":{"@type":"PropertyValueSpecification","valueRequired":true,"valueName":"search_term_string"}}],"inLanguage":"da-DK"},{"@type":"Organization","@id":"https://koege.anvil.dk/#organization","name":"Køge Handel","url":"https://koege.anvil.dk/","logo":{"@type":"ImageObject","inLanguage":"da-DK","@id":"https://koege.anvil.dk/#/schema/logo/image/","url":"http://koege.anvil.dk/wp-content/uploads/2023/10/Koegehandel-logo.webp","contentUrl":"http://koege.anvil.dk/wp-content/uploads/2023/10/Koegehandel-logo.webp","width":600,"height":109,"caption":"Køge Handel"},"image":{"@id":"https://koege.anvil.dk/#/schema/logo/image/"}}]}</script>
<!-- / Yoast SEO plugin. -->

Mød Julemanden - Køge Handel

Mød Julemanden, når han går rundt og spreder juleglæde for store og små i handelsgaderne.

Køge Handel

Mød Julemanden i Køge
