{"id":7246,"date":"2024-01-29T15:23:31","date_gmt":"2024-01-29T14:23:31","guid":{"rendered":"https:\/\/koege.anvil.dk\/?post_type=tribe_events&#038;p=7246"},"modified":"2026-01-22T14:19:42","modified_gmt":"2026-01-22T13:19:42","slug":"bilernes-dag","status":"publish","type":"tribe_events","link":"https:\/\/koege.anvil.dk\/?tribe_events=bilernes-dag","title":{"rendered":"Bilernes Dag"},"content":{"rendered":"<p>V\u00e6r med til en festlig dag i bilernes tegn.<\/p>\n<p>L\u00f8rdag den 29. august deltager K\u00f8ge Bilby p\u00e5 Torvet under K\u00f8ge Festuge med deres imponerende samling af flotte biler kl. 10.00-15.00.<\/p>\n<p>Kom og se nogle af de nyeste bilmodeller, n\u00e5r de udstilles og f\u00e5 en hyggelig snak med K\u00f8ge Bilby\u2019s forhandlere.<br \/>\nDrej gratis p\u00e5 lykkehjulet og vind flotte pr\u00e6mier fra bilforhandlerne,\u00a0mens du kan lytte til stemningsfuld live musik.<\/p>\n<p><strong>M\u00f8d alle bilforhandlerne:<br \/>\n<\/strong><span style=\"font-family: 'Lato',sans-serif;\"><a href=\"https:\/\/koege.anvil.dk\/medlemmer\/auto-house-koege\/\" target=\"_blank\" rel=\"noopener\">Auto-House<\/a><br \/>\n<a href=\"https:\/\/koege.anvil.dk\/medlemmer\/bilgo\/\" target=\"_blank\" rel=\"noopener\">Bilgo&#8217;<\/a><br \/>\n<a href=\"https:\/\/koege.anvil.dk\/medlemmer\/bilhuset-koege\/\" target=\"_blank\" rel=\"noopener\">Bilhuset K\u00f8ge<\/a><br \/>\n<a href=\"https:\/\/koege.anvil.dk\/medlemmer\/bilhuset-laursen\/\" target=\"_blank\" rel=\"noopener\">Bilhuset Laursen<\/a><br \/>\n<\/span><span style=\"font-family: 'Lato',sans-serif;\"><a href=\"https:\/\/koege.anvil.dk\/medlemmer\/bjarne-nielsen-koege\/\" target=\"_blank\" rel=\"noopener\">Bjarne Nielsen<\/a><br \/>\n<a href=\"https:\/\/koege.anvil.dk\/medlemmer\/gunner-due-biler\/\" target=\"_blank\" rel=\"noopener\">Gunner Due<\/a><br \/>\n<a href=\"https:\/\/koege.anvil.dk\/medlemmer\/hampen-a-s\" target=\"_blank\" rel=\"noopener\">Hampen<\/a><br \/>\n<\/span><span style=\"font-family: 'Lato',sans-serif;\"><a href=\"https:\/\/koege.anvil.dk\/medlemmer\/max-due\/\" target=\"_blank\" rel=\"noopener\">Max Due<\/a><br \/>\n<a href=\"https:\/\/koege.anvil.dk\/medlemmer\/pma-biler\/\" target=\"_blank\" rel=\"noopener\">PMA Biler<\/a><br \/>\n<a href=\"https:\/\/koege.anvil.dk\/medlemmer\/selected-car-leasing-koege\/\" target=\"_blank\" rel=\"noopener\">Selected Car Leasing<\/a><br \/>\n<a href=\"https:\/\/koege.anvil.dk\/medlemmer\/semler-koege\/\" target=\"_blank\" rel=\"noopener\">Semler Mobility<\/a><\/span><\/p>\n<h5><strong>Bilbyens Bedste &#8230;<\/strong><\/h5>\n<p>Denne dag skal der ogs\u00e5 uddeles statuetter, n\u00e5r vinderne af Bilbyens Bedste bliver offentliggjort. Iblandt festlighederne skal der nemlig k\u00e5res Bilbyens Bedste brugtvognsforhandler, kundeservice, salgsafdeling og v\u00e6rksted.<\/p>\n<p>Stem p\u00e5 din favorit bilforhandler af Bilbyens medlemmer, som du mener fortjener at blive anerkendt.<\/p>\n<p>Du kan stemme p\u00e5 din favorit bilforhandler af Bilbyens medlemmer, som du mener, fortjener at blive anerkendt.<br \/>\nAlle kan deltage og er derefter automatisk med i lodtr\u00e6kningen om et gavekort til K\u00f8ge Handel p\u00e5 500 kr.<br \/>\nVinderen af gavekortet bliver trukket efter Bilernes Dag og f\u00e5r direkte besked.<\/p>\n<p>Kom og v\u00e6r med til en festlig dag til Bilernes Dag!<\/p>\n<p>L\u00e6s mere om K\u00f8ge Bilby p\u00e5 deres hjemmeside <a href=\"https:\/\/xn--kgebilby-54a.dk\/\">HER<\/a><\/p>\n","protected":false},"excerpt":{"rendered":"<p>K\u00f8ge Bilby stiller op ved Torvet til K\u00f8ge Festuge, med en imponerende samling af flotte biler.\u00a0<\/p>\n","protected":false},"author":6,"featured_media":9291,"template":"","meta":{"_tribe_events_status":"","_tribe_events_status_reason":"","footnotes":""},"tags":[],"tribe_events_cat":[],"class_list":["post-7246","tribe_events","type-tribe_events","status-publish","has-post-thumbnail","hentry"],"yoast_head":"<!-- This site is optimized with the Yoast SEO plugin v27.2 - https:\/\/yoast.com\/product\/yoast-seo-wordpress\/ -->\n<title>Bilernes Dag - K\u00f8ge Handel<\/title>\n<meta name=\"robots\" content=\"noindex, follow, max-snippet:-1, max-image-preview:large, max-video-preview:-1\" \/>\n<meta property=\"og:locale\" content=\"da_DK\" \/>\n<meta property=\"og:type\" content=\"article\" \/>\n<meta property=\"og:title\" content=\"Bilernes Dag - K\u00f8ge Handel\" \/>\n<meta property=\"og:description\" content=\"K\u00f8ge Bilby stiller op ved Torvet til K\u00f8ge Festuge, med en imponerende samling af flotte biler.\u00a0\" \/>\n<meta property=\"og:url\" content=\"https:\/\/koege.anvil.dk\/event\/bilernes-dag\/\" \/>\n<meta property=\"og:site_name\" content=\"K\u00f8ge Handel\" \/>\n<meta property=\"article:modified_time\" content=\"2026-01-22T13:19:42+00:00\" \/>\n<meta property=\"og:image\" content=\"http:\/\/koege.anvil.dk\/wp-content\/uploads\/2024\/01\/Bilernes-Dag-1.webp\" \/>\n\t<meta property=\"og:image:width\" content=\"1200\" \/>\n\t<meta property=\"og:image:height\" content=\"600\" \/>\n\t<meta property=\"og:image:type\" content=\"image\/webp\" \/>\n<meta name=\"twitter:card\" content=\"summary_large_image\" \/>\n<meta name=\"twitter:label1\" content=\"Estimeret l\u00e6setid\" \/>\n\t<meta name=\"twitter:data1\" content=\"2 minutter\" \/>\n<script type=\"application\/ld+json\" class=\"yoast-schema-graph\">{\"@context\":\"https:\/\/schema.org\",\"@graph\":[{\"@type\":\"WebPage\",\"@id\":\"https:\/\/koege.anvil.dk\/event\/bilernes-dag\/\",\"url\":\"https:\/\/koege.anvil.dk\/event\/bilernes-dag\/\",\"name\":\"Bilernes Dag - K\u00f8ge Handel\",\"isPartOf\":{\"@id\":\"https:\/\/koege.anvil.dk\/#website\"},\"primaryImageOfPage\":{\"@id\":\"https:\/\/koege.anvil.dk\/event\/bilernes-dag\/#primaryimage\"},\"image\":{\"@id\":\"https:\/\/koege.anvil.dk\/event\/bilernes-dag\/#primaryimage\"},\"thumbnailUrl\":\"https:\/\/koege.anvil.dk\/wp-content\/uploads\/2024\/01\/Bilernes-Dag-1.webp\",\"datePublished\":\"2024-01-29T14:23:31+00:00\",\"dateModified\":\"2026-01-22T13:19:42+00:00\",\"breadcrumb\":{\"@id\":\"https:\/\/koege.anvil.dk\/event\/bilernes-dag\/#breadcrumb\"},\"inLanguage\":\"da-DK\",\"potentialAction\":[{\"@type\":\"ReadAction\",\"target\":[\"https:\/\/koege.anvil.dk\/event\/bilernes-dag\/\"]}]},{\"@type\":\"ImageObject\",\"inLanguage\":\"da-DK\",\"@id\":\"https:\/\/koege.anvil.dk\/event\/bilernes-dag\/#primaryimage\",\"url\":\"https:\/\/koege.anvil.dk\/wp-content\/uploads\/2024\/01\/Bilernes-Dag-1.webp\",\"contentUrl\":\"https:\/\/koege.anvil.dk\/wp-content\/uploads\/2024\/01\/Bilernes-Dag-1.webp\",\"width\":1200,\"height\":600,\"caption\":\"Bilernes Dag i K\u00f8ge\"},{\"@type\":\"BreadcrumbList\",\"@id\":\"https:\/\/koege.anvil.dk\/event\/bilernes-dag\/#breadcrumb\",\"itemListElement\":[{\"@type\":\"ListItem\",\"position\":1,\"name\":\"Home\",\"item\":\"https:\/\/koege.anvil.dk\/\"},{\"@type\":\"ListItem\",\"position\":2,\"name\":\"Begivenheder\",\"item\":\"https:\/\/koege.anvil.dk\/events\/\"},{\"@type\":\"ListItem\",\"position\":3,\"name\":\"Bilernes Dag\"}]},{\"@type\":\"WebSite\",\"@id\":\"https:\/\/koege.anvil.dk\/#website\",\"url\":\"https:\/\/koege.anvil.dk\/\",\"name\":\"K\u00f8ge Handel\",\"description\":\"\",\"publisher\":{\"@id\":\"https:\/\/koege.anvil.dk\/#organization\"},\"potentialAction\":[{\"@type\":\"SearchAction\",\"target\":{\"@type\":\"EntryPoint\",\"urlTemplate\":\"https:\/\/koege.anvil.dk\/?s={search_term_string}\"},\"query-input\":{\"@type\":\"PropertyValueSpecification\",\"valueRequired\":true,\"valueName\":\"search_term_string\"}}],\"inLanguage\":\"da-DK\"},{\"@type\":\"Organization\",\"@id\":\"https:\/\/koege.anvil.dk\/#organization\",\"name\":\"K\u00f8ge Handel\",\"url\":\"https:\/\/koege.anvil.dk\/\",\"logo\":{\"@type\":\"ImageObject\",\"inLanguage\":\"da-DK\",\"@id\":\"https:\/\/koege.anvil.dk\/#\/schema\/logo\/image\/\",\"url\":\"http:\/\/koege.anvil.dk\/wp-content\/uploads\/2023\/10\/Koegehandel-logo.webp\",\"contentUrl\":\"http:\/\/koege.anvil.dk\/wp-content\/uploads\/2023\/10\/Koegehandel-logo.webp\",\"width\":600,\"height\":109,\"caption\":\"K\u00f8ge Handel\"},\"image\":{\"@id\":\"https:\/\/koege.anvil.dk\/#\/schema\/logo\/image\/\"}}]}<\/script>\n<!-- \/ Yoast SEO plugin. -->","yoast_head_json":{"title":"Bilernes Dag - K\u00f8ge Handel","robots":{"index":"noindex","follow":"follow","max-snippet":"max-snippet:-1","max-image-preview":"max-image-preview:large","max-video-preview":"max-video-preview:-1"},"og_locale":"da_DK","og_type":"article","og_title":"Bilernes Dag - K\u00f8ge Handel","og_description":"K\u00f8ge Bilby stiller op ved Torvet til K\u00f8ge Festuge, med en imponerende samling af flotte biler.\u00a0","og_url":"https:\/\/koege.anvil.dk\/event\/bilernes-dag\/","og_site_name":"K\u00f8ge Handel","article_modified_time":"2026-01-22T13:19:42+00:00","og_image":[{"width":1200,"height":600,"url":"http:\/\/koege.anvil.dk\/wp-content\/uploads\/2024\/01\/Bilernes-Dag-1.webp","type":"image\/webp"}],"twitter_card":"summary_large_image","twitter_misc":{"Estimeret l\u00e6setid":"2 minutter"},"schema":{"@context":"https:\/\/schema.org","@graph":[{"@type":"WebPage","@id":"https:\/\/koege.anvil.dk\/event\/bilernes-dag\/","url":"https:\/\/koege.anvil.dk\/event\/bilernes-dag\/","name":"Bilernes Dag - K\u00f8ge Handel","isPartOf":{"@id":"https:\/\/koege.anvil.dk\/#website"},"primaryImageOfPage":{"@id":"https:\/\/koege.anvil.dk\/event\/bilernes-dag\/#primaryimage"},"image":{"@id":"https:\/\/koege.anvil.dk\/event\/bilernes-dag\/#primaryimage"},"thumbnailUrl":"https:\/\/koege.anvil.dk\/wp-content\/uploads\/2024\/01\/Bilernes-Dag-1.webp","datePublished":"2024-01-29T14:23:31+00:00","dateModified":"2026-01-22T13:19:42+00:00","breadcrumb":{"@id":"https:\/\/koege.anvil.dk\/event\/bilernes-dag\/#breadcrumb"},"inLanguage":"da-DK","potentialAction":[{"@type":"ReadAction","target":["https:\/\/koege.anvil.dk\/event\/bilernes-dag\/"]}]},{"@type":"ImageObject","inLanguage":"da-DK","@id":"https:\/\/koege.anvil.dk\/event\/bilernes-dag\/#primaryimage","url":"https:\/\/koege.anvil.dk\/wp-content\/uploads\/2024\/01\/Bilernes-Dag-1.webp","contentUrl":"https:\/\/koege.anvil.dk\/wp-content\/uploads\/2024\/01\/Bilernes-Dag-1.webp","width":1200,"height":600,"caption":"Bilernes Dag i K\u00f8ge"},{"@type":"BreadcrumbList","@id":"https:\/\/koege.anvil.dk\/event\/bilernes-dag\/#breadcrumb","itemListElement":[{"@type":"ListItem","position":1,"name":"Home","item":"https:\/\/koege.anvil.dk\/"},{"@type":"ListItem","position":2,"name":"Begivenheder","item":"https:\/\/koege.anvil.dk\/events\/"},{"@type":"ListItem","position":3,"name":"Bilernes Dag"}]},{"@type":"WebSite","@id":"https:\/\/koege.anvil.dk\/#website","url":"https:\/\/koege.anvil.dk\/","name":"K\u00f8ge Handel","description":"","publisher":{"@id":"https:\/\/koege.anvil.dk\/#organization"},"potentialAction":[{"@type":"SearchAction","target":{"@type":"EntryPoint","urlTemplate":"https:\/\/koege.anvil.dk\/?s={search_term_string}"},"query-input":{"@type":"PropertyValueSpecification","valueRequired":true,"valueName":"search_term_string"}}],"inLanguage":"da-DK"},{"@type":"Organization","@id":"https:\/\/koege.anvil.dk\/#organization","name":"K\u00f8ge Handel","url":"https:\/\/koege.anvil.dk\/","logo":{"@type":"ImageObject","inLanguage":"da-DK","@id":"https:\/\/koege.anvil.dk\/#\/schema\/logo\/image\/","url":"http:\/\/koege.anvil.dk\/wp-content\/uploads\/2023\/10\/Koegehandel-logo.webp","contentUrl":"http:\/\/koege.anvil.dk\/wp-content\/uploads\/2023\/10\/Koegehandel-logo.webp","width":600,"height":109,"caption":"K\u00f8ge Handel"},"image":{"@id":"https:\/\/koege.anvil.dk\/#\/schema\/logo\/image\/"}}]}},"_links":{"self":[{"href":"https:\/\/koege.anvil.dk\/index.php?rest_route=\/wp\/v2\/tribe_events\/7246","targetHints":{"allow":["GET"]}}],"collection":[{"href":"https:\/\/koege.anvil.dk\/index.php?rest_route=\/wp\/v2\/tribe_events"}],"about":[{"href":"https:\/\/koege.anvil.dk\/index.php?rest_route=\/wp\/v2\/types\/tribe_events"}],"author":[{"embeddable":true,"href":"https:\/\/koege.anvil.dk\/index.php?rest_route=\/wp\/v2\/users\/6"}],"version-history":[{"count":0,"href":"https:\/\/koege.anvil.dk\/index.php?rest_route=\/wp\/v2\/tribe_events\/7246\/revisions"}],"wp:featuredmedia":[{"embeddable":true,"href":"https:\/\/koege.anvil.dk\/index.php?rest_route=\/wp\/v2\/media\/9291"}],"wp:attachment":[{"href":"https:\/\/koege.anvil.dk\/index.php?rest_route=%2Fwp%2Fv2%2Fmedia&parent=7246"}],"wp:term":[{"taxonomy":"post_tag","embeddable":true,"href":"https:\/\/koege.anvil.dk\/index.php?rest_route=%2Fwp%2Fv2%2Ftags&post=7246"},{"taxonomy":"tribe_events_cat","embeddable":true,"href":"https:\/\/koege.anvil.dk\/index.php?rest_route=%2Fwp%2Fv2%2Ftribe_events_cat&post=7246"}],"curies":[{"name":"wp","href":"https:\/\/api.w.org\/{rel}","templated":true}]}}

<p>Vær med til en festlig dag i bilernes tegn.</p>
<p>Lørdag den 29. august deltager Køge Bilby på Torvet under Køge Festuge med deres imponerende samling af flotte biler kl. 10.00-15.00.</p>
<p>Kom og se nogle af de nyeste bilmodeller, når de udstilles og få en hyggelig snak med Køge Bilby’s forhandlere.<br />
Drej gratis på lykkehjulet og vind flotte præmier fra bilforhandlerne, mens du kan lytte til stemningsfuld live musik.</p>
<p><strong>Mød alle bilforhandlerne:<br />
</strong><span style="font-family: 'Lato',sans-serif;"><a href="https://koege.anvil.dk/medlemmer/auto-house-koege/" target="_blank" rel="noopener">Auto-House</a><br />
<a href="https://koege.anvil.dk/medlemmer/bilgo/" target="_blank" rel="noopener">Bilgo&#8217;</a><br />
<a href="https://koege.anvil.dk/medlemmer/bilhuset-koege/" target="_blank" rel="noopener">Bilhuset Køge</a><br />
<a href="https://koege.anvil.dk/medlemmer/bilhuset-laursen/" target="_blank" rel="noopener">Bilhuset Laursen</a><br />
</span><span style="font-family: 'Lato',sans-serif;"><a href="https://koege.anvil.dk/medlemmer/bjarne-nielsen-koege/" target="_blank" rel="noopener">Bjarne Nielsen</a><br />
<a href="https://koege.anvil.dk/medlemmer/gunner-due-biler/" target="_blank" rel="noopener">Gunner Due</a><br />
<a href="https://koege.anvil.dk/medlemmer/hampen-a-s" target="_blank" rel="noopener">Hampen</a><br />
</span><span style="font-family: 'Lato',sans-serif;"><a href="https://koege.anvil.dk/medlemmer/max-due/" target="_blank" rel="noopener">Max Due</a><br />
<a href="https://koege.anvil.dk/medlemmer/pma-biler/" target="_blank" rel="noopener">PMA Biler</a><br />
<a href="https://koege.anvil.dk/medlemmer/selected-car-leasing-koege/" target="_blank" rel="noopener">Selected Car Leasing</a><br />
<a href="https://koege.anvil.dk/medlemmer/semler-koege/" target="_blank" rel="noopener">Semler Mobility</a></span></p>
<h5><strong>Bilbyens Bedste &#8230;</strong></h5>
<p>Denne dag skal der også uddeles statuetter, når vinderne af Bilbyens Bedste bliver offentliggjort. Iblandt festlighederne skal der nemlig kåres Bilbyens Bedste brugtvognsforhandler, kundeservice, salgsafdeling og værksted.</p>
<p>Stem på din favorit bilforhandler af Bilbyens medlemmer, som du mener fortjener at blive anerkendt.</p>
<p>Du kan stemme på din favorit bilforhandler af Bilbyens medlemmer, som du mener, fortjener at blive anerkendt.<br />
Alle kan deltage og er derefter automatisk med i lodtrækningen om et gavekort til Køge Handel på 500 kr.<br />
Vinderen af gavekortet bliver trukket efter Bilernes Dag og får direkte besked.</p>
<p>Kom og vær med til en festlig dag til Bilernes Dag!</p>
<p>Læs mere om Køge Bilby på deres hjemmeside <a href="https://xn--kgebilby-54a.dk/">HER</a></p>

<p>Køge Bilby stiller op ved Torvet til Køge Festuge, med en imponerende samling af flotte biler. </p>

<!-- This site is optimized with the Yoast SEO plugin v27.2 - https://yoast.com/product/yoast-seo-wordpress/ -->
<title>Bilernes Dag - Køge Handel</title>
<meta name="robots" content="noindex, follow, max-snippet:-1, max-image-preview:large, max-video-preview:-1" />
<meta property="og:locale" content="da_DK" />
<meta property="og:type" content="article" />
<meta property="og:title" content="Bilernes Dag - Køge Handel" />
<meta property="og:description" content="Køge Bilby stiller op ved Torvet til Køge Festuge, med en imponerende samling af flotte biler. " />
<meta property="og:url" content="https://koege.anvil.dk/event/bilernes-dag/" />
<meta property="og:site_name" content="Køge Handel" />
<meta property="article:modified_time" content="2026-01-22T13:19:42+00:00" />
<meta property="og:image" content="http://koege.anvil.dk/wp-content/uploads/2024/01/Bilernes-Dag-1.webp" />
	<meta property="og:image:width" content="1200" />
	<meta property="og:image:height" content="600" />
	<meta property="og:image:type" content="image/webp" />
<meta name="twitter:card" content="summary_large_image" />
<meta name="twitter:label1" content="Estimeret læsetid" />
	<meta name="twitter:data1" content="2 minutter" />
<script type="application/ld+json" class="yoast-schema-graph">{"@context":"https://schema.org","@graph":[{"@type":"WebPage","@id":"https://koege.anvil.dk/event/bilernes-dag/","url":"https://koege.anvil.dk/event/bilernes-dag/","name":"Bilernes Dag - Køge Handel","isPartOf":{"@id":"https://koege.anvil.dk/#website"},"primaryImageOfPage":{"@id":"https://koege.anvil.dk/event/bilernes-dag/#primaryimage"},"image":{"@id":"https://koege.anvil.dk/event/bilernes-dag/#primaryimage"},"thumbnailUrl":"https://koege.anvil.dk/wp-content/uploads/2024/01/Bilernes-Dag-1.webp","datePublished":"2024-01-29T14:23:31+00:00","dateModified":"2026-01-22T13:19:42+00:00","breadcrumb":{"@id":"https://koege.anvil.dk/event/bilernes-dag/#breadcrumb"},"inLanguage":"da-DK","potentialAction":[{"@type":"ReadAction","target":["https://koege.anvil.dk/event/bilernes-dag/"]}]},{"@type":"ImageObject","inLanguage":"da-DK","@id":"https://koege.anvil.dk/event/bilernes-dag/#primaryimage","url":"https://koege.anvil.dk/wp-content/uploads/2024/01/Bilernes-Dag-1.webp","contentUrl":"https://koege.anvil.dk/wp-content/uploads/2024/01/Bilernes-Dag-1.webp","width":1200,"height":600,"caption":"Bilernes Dag i Køge"},{"@type":"BreadcrumbList","@id":"https://koege.anvil.dk/event/bilernes-dag/#breadcrumb","itemListElement":[{"@type":"ListItem","position":1,"name":"Home","item":"https://koege.anvil.dk/"},{"@type":"ListItem","position":2,"name":"Begivenheder","item":"https://koege.anvil.dk/events/"},{"@type":"ListItem","position":3,"name":"Bilernes Dag"}]},{"@type":"WebSite","@id":"https://koege.anvil.dk/#website","url":"https://koege.anvil.dk/","name":"Køge Handel","description":"","publisher":{"@id":"https://koege.anvil.dk/#organization"},"potentialAction":[{"@type":"SearchAction","target":{"@type":"EntryPoint","urlTemplate":"https://koege.anvil.dk/?s={search_term_string}"},"query-input":{"@type":"PropertyValueSpecification","valueRequired":true,"valueName":"search_term_string"}}],"inLanguage":"da-DK"},{"@type":"Organization","@id":"https://koege.anvil.dk/#organization","name":"Køge Handel","url":"https://koege.anvil.dk/","logo":{"@type":"ImageObject","inLanguage":"da-DK","@id":"https://koege.anvil.dk/#/schema/logo/image/","url":"http://koege.anvil.dk/wp-content/uploads/2023/10/Koegehandel-logo.webp","contentUrl":"http://koege.anvil.dk/wp-content/uploads/2023/10/Koegehandel-logo.webp","width":600,"height":109,"caption":"Køge Handel"},"image":{"@id":"https://koege.anvil.dk/#/schema/logo/image/"}}]}</script>
<!-- / Yoast SEO plugin. -->

Bilernes Dag - Køge Handel

Køge Bilby stiller op ved Torvet til Køge Festuge, med en imponerende samling af flotte biler.

Køge Handel

Bilernes Dag i Køge
