{"id":7241,"date":"2024-01-29T14:37:05","date_gmt":"2024-01-29T13:37:05","guid":{"rendered":"https:\/\/koege.anvil.dk\/?post_type=tribe_events&#038;p=7241"},"modified":"2026-01-19T14:55:58","modified_gmt":"2026-01-19T13:55:58","slug":"jazz-biler","status":"publish","type":"tribe_events","link":"https:\/\/koege.anvil.dk\/?tribe_events=jazz-biler","title":{"rendered":"Jazz &#038; Biler"},"content":{"rendered":"<p>L\u00f8rdag den 13. juni skaber vi rammerne for en hyggelig stemning i K\u00f8ge med god musik og biler.<\/p>\n<p>Mens Torvelauget er i fuld gang med sommersalget p\u00e5 Torvet, vil K\u00f8ge Bilby fylde Brogade med et udvalg af deres flotte biler kl. 10.00-15.00. Her har du mulighed for at finde din n\u00e6ste dr\u00f8mmebil blandt en hel masse bilm\u00e6rker og forhandlere.<\/p>\n<h5><strong>M\u00f8d alle bilforhandlerne i K\u00f8ge Bilby:<\/strong><\/h5>\n<p><span style=\"font-family: 'Lato',sans-serif;\"><a href=\"https:\/\/koege.anvil.dk\/medlemmer\/auto-house-koege\/\" target=\"_blank\" rel=\"noopener\">Auto-House<\/a><br \/>\n<a href=\"https:\/\/koege.anvil.dk\/medlemmer\/bilgo\/\" target=\"_blank\" rel=\"noopener\">Bilgo&#8217;<\/a><br \/>\n<a href=\"https:\/\/koege.anvil.dk\/medlemmer\/bilhuset-koege\/\" target=\"_blank\" rel=\"noopener\">Bilhuset K\u00f8ge<\/a><br \/>\n<a href=\"https:\/\/koege.anvil.dk\/medlemmer\/bilhuset-laursen\/\" target=\"_blank\" rel=\"noopener\">Bilhuset Laursen<\/a><br \/>\n<\/span><span style=\"font-family: 'Lato',sans-serif;\"><a href=\"https:\/\/koege.anvil.dk\/medlemmer\/bjarne-nielsen-koege\/\" target=\"_blank\" rel=\"noopener\">Bjarne Nielsen<\/a><br \/>\n<a href=\"https:\/\/koege.anvil.dk\/medlemmer\/gunner-due-biler\/\" target=\"_blank\" rel=\"noopener\">Gunner Due<\/a><br \/>\n<a href=\"https:\/\/koege.anvil.dk\/medlemmer\/hampen-a-s\" target=\"_blank\" rel=\"noopener\">Hampen<\/a><br \/>\n<\/span><span style=\"font-family: 'Lato',sans-serif;\"><a href=\"https:\/\/koege.anvil.dk\/medlemmer\/max-due\/\" target=\"_blank\" rel=\"noopener\">Max Due<\/a><br \/>\n<a href=\"https:\/\/koege.anvil.dk\/medlemmer\/pma-biler\/\" target=\"_blank\" rel=\"noopener\">PMA Biler<\/a><br \/>\n<a href=\"https:\/\/koege.anvil.dk\/medlemmer\/selected-car-leasing-koege\/\" target=\"_blank\" rel=\"noopener\">Selected Car Leasing<\/a><br \/>\n<a href=\"https:\/\/koege.anvil.dk\/medlemmer\/semler-koege\/\" target=\"_blank\" rel=\"noopener\">Semler Mobility<\/a><\/span><\/p>\n<p>Vi s\u00e6tter samtidig gang i den gode l\u00f8rdagsstemning med Jazz rundt i hele byen fra kl. 12.00*, s\u00e5 jeres indk\u00f8b foretages med gode jazz-vibes.<\/p>\n<h5><strong>Oplev de forskellige jazzbands rundt i byen:<\/strong><\/h5>\n<p>Brogade:<strong><br \/>\n<\/strong>Vestergade:<strong><br \/>\n<\/strong>N\u00f8rregade:\u00a0<strong><br \/>\n<\/strong>Jernbanegade:<strong><br \/>\n<\/strong>Torvet:<strong><br \/>\n<\/strong>Torvebyen:<strong><br \/>\n<\/strong>Str\u00e6det:<\/p>\n<p>*Kl. 12.00, kl. 13.00 og kl. 14.00 vil du kunne shoppe til rytmen af de forskellige jazzbands.<\/p>\n<p>Gl\u00e6d jer til en dag fyldt med hygge, shopping, god musik og hestekr\u00e6fter!<\/p>\n<p>&nbsp;<\/p>\n<p>Info: Brogade vil v\u00e6re sp\u00e6rret af denne dag.<\/p>\n","protected":false},"excerpt":{"rendered":"<p>Vi s\u00e6tter gang i den gode l\u00f8rdagsstemning med fede biler p\u00e5 Brogade og jazz i byen.<\/p>\n","protected":false},"author":6,"featured_media":9299,"template":"","meta":{"_tribe_events_status":"","_tribe_events_status_reason":"","footnotes":""},"tags":[],"tribe_events_cat":[],"class_list":["post-7241","tribe_events","type-tribe_events","status-publish","has-post-thumbnail","hentry"],"yoast_head":"<!-- This site is optimized with the Yoast SEO plugin v27.2 - https:\/\/yoast.com\/product\/yoast-seo-wordpress\/ -->\n<title>Jazz &amp; Biler - K\u00f8ge Handel<\/title>\n<meta name=\"robots\" content=\"noindex, follow, max-snippet:-1, max-image-preview:large, max-video-preview:-1\" \/>\n<meta property=\"og:locale\" content=\"da_DK\" \/>\n<meta property=\"og:type\" content=\"article\" \/>\n<meta property=\"og:title\" content=\"Jazz &amp; Biler - K\u00f8ge Handel\" \/>\n<meta property=\"og:description\" content=\"Vi s\u00e6tter gang i den gode l\u00f8rdagsstemning med fede biler p\u00e5 Brogade og jazz i byen.\" \/>\n<meta property=\"og:url\" content=\"https:\/\/koege.anvil.dk\/event\/jazz-biler\/\" \/>\n<meta property=\"og:site_name\" content=\"K\u00f8ge Handel\" \/>\n<meta property=\"article:modified_time\" content=\"2026-01-19T13:55:58+00:00\" \/>\n<meta property=\"og:image\" content=\"http:\/\/koege.anvil.dk\/wp-content\/uploads\/2024\/01\/JazzBiler-1.webp\" \/>\n\t<meta property=\"og:image:width\" content=\"1200\" \/>\n\t<meta property=\"og:image:height\" content=\"600\" \/>\n\t<meta property=\"og:image:type\" content=\"image\/webp\" \/>\n<meta name=\"twitter:card\" content=\"summary_large_image\" \/>\n<meta name=\"twitter:label1\" content=\"Estimeret l\u00e6setid\" \/>\n\t<meta name=\"twitter:data1\" content=\"2 minutter\" \/>\n<script type=\"application\/ld+json\" class=\"yoast-schema-graph\">{\"@context\":\"https:\/\/schema.org\",\"@graph\":[{\"@type\":\"WebPage\",\"@id\":\"https:\/\/koege.anvil.dk\/event\/jazz-biler\/\",\"url\":\"https:\/\/koege.anvil.dk\/event\/jazz-biler\/\",\"name\":\"Jazz & Biler - K\u00f8ge Handel\",\"isPartOf\":{\"@id\":\"https:\/\/koege.anvil.dk\/#website\"},\"primaryImageOfPage\":{\"@id\":\"https:\/\/koege.anvil.dk\/event\/jazz-biler\/#primaryimage\"},\"image\":{\"@id\":\"https:\/\/koege.anvil.dk\/event\/jazz-biler\/#primaryimage\"},\"thumbnailUrl\":\"https:\/\/koege.anvil.dk\/wp-content\/uploads\/2024\/01\/JazzBiler-1.webp\",\"datePublished\":\"2024-01-29T13:37:05+00:00\",\"dateModified\":\"2026-01-19T13:55:58+00:00\",\"breadcrumb\":{\"@id\":\"https:\/\/koege.anvil.dk\/event\/jazz-biler\/#breadcrumb\"},\"inLanguage\":\"da-DK\",\"potentialAction\":[{\"@type\":\"ReadAction\",\"target\":[\"https:\/\/koege.anvil.dk\/event\/jazz-biler\/\"]}]},{\"@type\":\"ImageObject\",\"inLanguage\":\"da-DK\",\"@id\":\"https:\/\/koege.anvil.dk\/event\/jazz-biler\/#primaryimage\",\"url\":\"https:\/\/koege.anvil.dk\/wp-content\/uploads\/2024\/01\/JazzBiler-1.webp\",\"contentUrl\":\"https:\/\/koege.anvil.dk\/wp-content\/uploads\/2024\/01\/JazzBiler-1.webp\",\"width\":1200,\"height\":600,\"caption\":\"Jazz&Biler i K\u00f8ge\"},{\"@type\":\"BreadcrumbList\",\"@id\":\"https:\/\/koege.anvil.dk\/event\/jazz-biler\/#breadcrumb\",\"itemListElement\":[{\"@type\":\"ListItem\",\"position\":1,\"name\":\"Home\",\"item\":\"https:\/\/koege.anvil.dk\/\"},{\"@type\":\"ListItem\",\"position\":2,\"name\":\"Begivenheder\",\"item\":\"https:\/\/koege.anvil.dk\/events\/\"},{\"@type\":\"ListItem\",\"position\":3,\"name\":\"Jazz &#038; Biler\"}]},{\"@type\":\"WebSite\",\"@id\":\"https:\/\/koege.anvil.dk\/#website\",\"url\":\"https:\/\/koege.anvil.dk\/\",\"name\":\"K\u00f8ge Handel\",\"description\":\"\",\"publisher\":{\"@id\":\"https:\/\/koege.anvil.dk\/#organization\"},\"potentialAction\":[{\"@type\":\"SearchAction\",\"target\":{\"@type\":\"EntryPoint\",\"urlTemplate\":\"https:\/\/koege.anvil.dk\/?s={search_term_string}\"},\"query-input\":{\"@type\":\"PropertyValueSpecification\",\"valueRequired\":true,\"valueName\":\"search_term_string\"}}],\"inLanguage\":\"da-DK\"},{\"@type\":\"Organization\",\"@id\":\"https:\/\/koege.anvil.dk\/#organization\",\"name\":\"K\u00f8ge Handel\",\"url\":\"https:\/\/koege.anvil.dk\/\",\"logo\":{\"@type\":\"ImageObject\",\"inLanguage\":\"da-DK\",\"@id\":\"https:\/\/koege.anvil.dk\/#\/schema\/logo\/image\/\",\"url\":\"http:\/\/koege.anvil.dk\/wp-content\/uploads\/2023\/10\/Koegehandel-logo.webp\",\"contentUrl\":\"http:\/\/koege.anvil.dk\/wp-content\/uploads\/2023\/10\/Koegehandel-logo.webp\",\"width\":600,\"height\":109,\"caption\":\"K\u00f8ge Handel\"},\"image\":{\"@id\":\"https:\/\/koege.anvil.dk\/#\/schema\/logo\/image\/\"}}]}<\/script>\n<!-- \/ Yoast SEO plugin. -->","yoast_head_json":{"title":"Jazz &amp; Biler - K\u00f8ge Handel","robots":{"index":"noindex","follow":"follow","max-snippet":"max-snippet:-1","max-image-preview":"max-image-preview:large","max-video-preview":"max-video-preview:-1"},"og_locale":"da_DK","og_type":"article","og_title":"Jazz &amp; Biler - K\u00f8ge Handel","og_description":"Vi s\u00e6tter gang i den gode l\u00f8rdagsstemning med fede biler p\u00e5 Brogade og jazz i byen.","og_url":"https:\/\/koege.anvil.dk\/event\/jazz-biler\/","og_site_name":"K\u00f8ge Handel","article_modified_time":"2026-01-19T13:55:58+00:00","og_image":[{"width":1200,"height":600,"url":"http:\/\/koege.anvil.dk\/wp-content\/uploads\/2024\/01\/JazzBiler-1.webp","type":"image\/webp"}],"twitter_card":"summary_large_image","twitter_misc":{"Estimeret l\u00e6setid":"2 minutter"},"schema":{"@context":"https:\/\/schema.org","@graph":[{"@type":"WebPage","@id":"https:\/\/koege.anvil.dk\/event\/jazz-biler\/","url":"https:\/\/koege.anvil.dk\/event\/jazz-biler\/","name":"Jazz & Biler - K\u00f8ge Handel","isPartOf":{"@id":"https:\/\/koege.anvil.dk\/#website"},"primaryImageOfPage":{"@id":"https:\/\/koege.anvil.dk\/event\/jazz-biler\/#primaryimage"},"image":{"@id":"https:\/\/koege.anvil.dk\/event\/jazz-biler\/#primaryimage"},"thumbnailUrl":"https:\/\/koege.anvil.dk\/wp-content\/uploads\/2024\/01\/JazzBiler-1.webp","datePublished":"2024-01-29T13:37:05+00:00","dateModified":"2026-01-19T13:55:58+00:00","breadcrumb":{"@id":"https:\/\/koege.anvil.dk\/event\/jazz-biler\/#breadcrumb"},"inLanguage":"da-DK","potentialAction":[{"@type":"ReadAction","target":["https:\/\/koege.anvil.dk\/event\/jazz-biler\/"]}]},{"@type":"ImageObject","inLanguage":"da-DK","@id":"https:\/\/koege.anvil.dk\/event\/jazz-biler\/#primaryimage","url":"https:\/\/koege.anvil.dk\/wp-content\/uploads\/2024\/01\/JazzBiler-1.webp","contentUrl":"https:\/\/koege.anvil.dk\/wp-content\/uploads\/2024\/01\/JazzBiler-1.webp","width":1200,"height":600,"caption":"Jazz&Biler i K\u00f8ge"},{"@type":"BreadcrumbList","@id":"https:\/\/koege.anvil.dk\/event\/jazz-biler\/#breadcrumb","itemListElement":[{"@type":"ListItem","position":1,"name":"Home","item":"https:\/\/koege.anvil.dk\/"},{"@type":"ListItem","position":2,"name":"Begivenheder","item":"https:\/\/koege.anvil.dk\/events\/"},{"@type":"ListItem","position":3,"name":"Jazz &#038; Biler"}]},{"@type":"WebSite","@id":"https:\/\/koege.anvil.dk\/#website","url":"https:\/\/koege.anvil.dk\/","name":"K\u00f8ge Handel","description":"","publisher":{"@id":"https:\/\/koege.anvil.dk\/#organization"},"potentialAction":[{"@type":"SearchAction","target":{"@type":"EntryPoint","urlTemplate":"https:\/\/koege.anvil.dk\/?s={search_term_string}"},"query-input":{"@type":"PropertyValueSpecification","valueRequired":true,"valueName":"search_term_string"}}],"inLanguage":"da-DK"},{"@type":"Organization","@id":"https:\/\/koege.anvil.dk\/#organization","name":"K\u00f8ge Handel","url":"https:\/\/koege.anvil.dk\/","logo":{"@type":"ImageObject","inLanguage":"da-DK","@id":"https:\/\/koege.anvil.dk\/#\/schema\/logo\/image\/","url":"http:\/\/koege.anvil.dk\/wp-content\/uploads\/2023\/10\/Koegehandel-logo.webp","contentUrl":"http:\/\/koege.anvil.dk\/wp-content\/uploads\/2023\/10\/Koegehandel-logo.webp","width":600,"height":109,"caption":"K\u00f8ge Handel"},"image":{"@id":"https:\/\/koege.anvil.dk\/#\/schema\/logo\/image\/"}}]}},"_links":{"self":[{"href":"https:\/\/koege.anvil.dk\/index.php?rest_route=\/wp\/v2\/tribe_events\/7241","targetHints":{"allow":["GET"]}}],"collection":[{"href":"https:\/\/koege.anvil.dk\/index.php?rest_route=\/wp\/v2\/tribe_events"}],"about":[{"href":"https:\/\/koege.anvil.dk\/index.php?rest_route=\/wp\/v2\/types\/tribe_events"}],"author":[{"embeddable":true,"href":"https:\/\/koege.anvil.dk\/index.php?rest_route=\/wp\/v2\/users\/6"}],"version-history":[{"count":0,"href":"https:\/\/koege.anvil.dk\/index.php?rest_route=\/wp\/v2\/tribe_events\/7241\/revisions"}],"wp:featuredmedia":[{"embeddable":true,"href":"https:\/\/koege.anvil.dk\/index.php?rest_route=\/wp\/v2\/media\/9299"}],"wp:attachment":[{"href":"https:\/\/koege.anvil.dk\/index.php?rest_route=%2Fwp%2Fv2%2Fmedia&parent=7241"}],"wp:term":[{"taxonomy":"post_tag","embeddable":true,"href":"https:\/\/koege.anvil.dk\/index.php?rest_route=%2Fwp%2Fv2%2Ftags&post=7241"},{"taxonomy":"tribe_events_cat","embeddable":true,"href":"https:\/\/koege.anvil.dk\/index.php?rest_route=%2Fwp%2Fv2%2Ftribe_events_cat&post=7241"}],"curies":[{"name":"wp","href":"https:\/\/api.w.org\/{rel}","templated":true}]}}

<p>Lørdag den 13. juni skaber vi rammerne for en hyggelig stemning i Køge med god musik og biler.</p>
<p>Mens Torvelauget er i fuld gang med sommersalget på Torvet, vil Køge Bilby fylde Brogade med et udvalg af deres flotte biler kl. 10.00-15.00. Her har du mulighed for at finde din næste drømmebil blandt en hel masse bilmærker og forhandlere.</p>
<h5><strong>Mød alle bilforhandlerne i Køge Bilby:</strong></h5>
<p><span style="font-family: 'Lato',sans-serif;"><a href="https://koege.anvil.dk/medlemmer/auto-house-koege/" target="_blank" rel="noopener">Auto-House</a><br />
<a href="https://koege.anvil.dk/medlemmer/bilgo/" target="_blank" rel="noopener">Bilgo&#8217;</a><br />
<a href="https://koege.anvil.dk/medlemmer/bilhuset-koege/" target="_blank" rel="noopener">Bilhuset Køge</a><br />
<a href="https://koege.anvil.dk/medlemmer/bilhuset-laursen/" target="_blank" rel="noopener">Bilhuset Laursen</a><br />
</span><span style="font-family: 'Lato',sans-serif;"><a href="https://koege.anvil.dk/medlemmer/bjarne-nielsen-koege/" target="_blank" rel="noopener">Bjarne Nielsen</a><br />
<a href="https://koege.anvil.dk/medlemmer/gunner-due-biler/" target="_blank" rel="noopener">Gunner Due</a><br />
<a href="https://koege.anvil.dk/medlemmer/hampen-a-s" target="_blank" rel="noopener">Hampen</a><br />
</span><span style="font-family: 'Lato',sans-serif;"><a href="https://koege.anvil.dk/medlemmer/max-due/" target="_blank" rel="noopener">Max Due</a><br />
<a href="https://koege.anvil.dk/medlemmer/pma-biler/" target="_blank" rel="noopener">PMA Biler</a><br />
<a href="https://koege.anvil.dk/medlemmer/selected-car-leasing-koege/" target="_blank" rel="noopener">Selected Car Leasing</a><br />
<a href="https://koege.anvil.dk/medlemmer/semler-koege/" target="_blank" rel="noopener">Semler Mobility</a></span></p>
<p>Vi sætter samtidig gang i den gode lørdagsstemning med Jazz rundt i hele byen fra kl. 12.00*, så jeres indkøb foretages med gode jazz-vibes.</p>
<h5><strong>Oplev de forskellige jazzbands rundt i byen:</strong></h5>
<p>Brogade:<strong><br />
</strong>Vestergade:<strong><br />
</strong>Nørregade: <strong><br />
</strong>Jernbanegade:<strong><br />
</strong>Torvet:<strong><br />
</strong>Torvebyen:<strong><br />
</strong>Strædet:</p>
<p>*Kl. 12.00, kl. 13.00 og kl. 14.00 vil du kunne shoppe til rytmen af de forskellige jazzbands.</p>
<p>Glæd jer til en dag fyldt med hygge, shopping, god musik og hestekræfter!</p>
<p>&nbsp;</p>
<p>Info: Brogade vil være spærret af denne dag.</p>

<p>Vi sætter gang i den gode lørdagsstemning med fede biler på Brogade og jazz i byen.</p>

<!-- This site is optimized with the Yoast SEO plugin v27.2 - https://yoast.com/product/yoast-seo-wordpress/ -->
<title>Jazz &amp; Biler - Køge Handel</title>
<meta name="robots" content="noindex, follow, max-snippet:-1, max-image-preview:large, max-video-preview:-1" />
<meta property="og:locale" content="da_DK" />
<meta property="og:type" content="article" />
<meta property="og:title" content="Jazz &amp; Biler - Køge Handel" />
<meta property="og:description" content="Vi sætter gang i den gode lørdagsstemning med fede biler på Brogade og jazz i byen." />
<meta property="og:url" content="https://koege.anvil.dk/event/jazz-biler/" />
<meta property="og:site_name" content="Køge Handel" />
<meta property="article:modified_time" content="2026-01-19T13:55:58+00:00" />
<meta property="og:image" content="http://koege.anvil.dk/wp-content/uploads/2024/01/JazzBiler-1.webp" />
	<meta property="og:image:width" content="1200" />
	<meta property="og:image:height" content="600" />
	<meta property="og:image:type" content="image/webp" />
<meta name="twitter:card" content="summary_large_image" />
<meta name="twitter:label1" content="Estimeret læsetid" />
	<meta name="twitter:data1" content="2 minutter" />
<script type="application/ld+json" class="yoast-schema-graph">{"@context":"https://schema.org","@graph":[{"@type":"WebPage","@id":"https://koege.anvil.dk/event/jazz-biler/","url":"https://koege.anvil.dk/event/jazz-biler/","name":"Jazz & Biler - Køge Handel","isPartOf":{"@id":"https://koege.anvil.dk/#website"},"primaryImageOfPage":{"@id":"https://koege.anvil.dk/event/jazz-biler/#primaryimage"},"image":{"@id":"https://koege.anvil.dk/event/jazz-biler/#primaryimage"},"thumbnailUrl":"https://koege.anvil.dk/wp-content/uploads/2024/01/JazzBiler-1.webp","datePublished":"2024-01-29T13:37:05+00:00","dateModified":"2026-01-19T13:55:58+00:00","breadcrumb":{"@id":"https://koege.anvil.dk/event/jazz-biler/#breadcrumb"},"inLanguage":"da-DK","potentialAction":[{"@type":"ReadAction","target":["https://koege.anvil.dk/event/jazz-biler/"]}]},{"@type":"ImageObject","inLanguage":"da-DK","@id":"https://koege.anvil.dk/event/jazz-biler/#primaryimage","url":"https://koege.anvil.dk/wp-content/uploads/2024/01/JazzBiler-1.webp","contentUrl":"https://koege.anvil.dk/wp-content/uploads/2024/01/JazzBiler-1.webp","width":1200,"height":600,"caption":"Jazz&Biler i Køge"},{"@type":"BreadcrumbList","@id":"https://koege.anvil.dk/event/jazz-biler/#breadcrumb","itemListElement":[{"@type":"ListItem","position":1,"name":"Home","item":"https://koege.anvil.dk/"},{"@type":"ListItem","position":2,"name":"Begivenheder","item":"https://koege.anvil.dk/events/"},{"@type":"ListItem","position":3,"name":"Jazz &#038; Biler"}]},{"@type":"WebSite","@id":"https://koege.anvil.dk/#website","url":"https://koege.anvil.dk/","name":"Køge Handel","description":"","publisher":{"@id":"https://koege.anvil.dk/#organization"},"potentialAction":[{"@type":"SearchAction","target":{"@type":"EntryPoint","urlTemplate":"https://koege.anvil.dk/?s={search_term_string}"},"query-input":{"@type":"PropertyValueSpecification","valueRequired":true,"valueName":"search_term_string"}}],"inLanguage":"da-DK"},{"@type":"Organization","@id":"https://koege.anvil.dk/#organization","name":"Køge Handel","url":"https://koege.anvil.dk/","logo":{"@type":"ImageObject","inLanguage":"da-DK","@id":"https://koege.anvil.dk/#/schema/logo/image/","url":"http://koege.anvil.dk/wp-content/uploads/2023/10/Koegehandel-logo.webp","contentUrl":"http://koege.anvil.dk/wp-content/uploads/2023/10/Koegehandel-logo.webp","width":600,"height":109,"caption":"Køge Handel"},"image":{"@id":"https://koege.anvil.dk/#/schema/logo/image/"}}]}</script>
<!-- / Yoast SEO plugin. -->

Jazz &amp; Biler - Køge Handel

Vi sætter gang i den gode lørdagsstemning med fede biler på Brogade og jazz i byen.

Køge Handel

Jazz & Biler - Køge Handel

Jazz&Biler i Køge
