{"id":7233,"date":"2024-01-26T14:33:25","date_gmt":"2024-01-26T13:33:25","guid":{"rendered":"https:\/\/koege.anvil.dk\/?post_type=tribe_events&#038;p=7233"},"modified":"2026-01-19T14:36:23","modified_gmt":"2026-01-19T13:36:23","slug":"flag-og-roser","status":"publish","type":"tribe_events","link":"https:\/\/koege.anvil.dk\/?tribe_events=flag-og-roser","title":{"rendered":"Flag og Roser"},"content":{"rendered":"<p>Vi pynter op over hele bymidten og g\u00f8r klar til Ros\u00e9 Ros\u00e9 Festivalen.<\/p>\n<p>Tag en tur gennem den smukke bymidte, hvor du kan lade dig fortrylle af et hav af flag, der danser i vinden over handelsgaderne og g\u00e5r du en tur igennem Jernbanegade, ser du &#8220;rosengaden&#8221;, hvor h\u00f8jt h\u00e6ngende roser daler ned.<\/p>\n<p>Dette er ogs\u00e5 en markering af K\u00f8ges stolte historie, der str\u00e6kker sig tilbage i hele 738 \u00e5r, n\u00e5r byen har f\u00f8dselsdag den 4. juli.<\/p>\n<p>Oplev stemningen, n\u00e5r K\u00f8ge bliver d\u00e6kket af flag og roser.<\/p>\n","protected":false},"excerpt":{"rendered":"<p>Vi pynter op med flag og roser over hele bymidten og g\u00f8r klar til Ros\u00e9 Ros\u00e9 Festivalen.<\/p>\n","protected":false},"author":6,"featured_media":9314,"template":"","meta":{"_tribe_events_status":"","_tribe_events_status_reason":"","footnotes":""},"tags":[],"tribe_events_cat":[277],"class_list":["post-7233","tribe_events","type-tribe_events","status-publish","has-post-thumbnail","hentry","tribe_events_cat-oppyntning","cat_oppyntning"],"yoast_head":"<!-- This site is optimized with the Yoast SEO plugin v27.2 - https:\/\/yoast.com\/product\/yoast-seo-wordpress\/ -->\n<title>Flag og Roser - K\u00f8ge Handel<\/title>\n<meta name=\"robots\" content=\"noindex, follow, max-snippet:-1, max-image-preview:large, max-video-preview:-1\" \/>\n<meta property=\"og:locale\" content=\"da_DK\" \/>\n<meta property=\"og:type\" content=\"article\" \/>\n<meta property=\"og:title\" content=\"Flag og Roser - K\u00f8ge Handel\" \/>\n<meta property=\"og:description\" content=\"Vi pynter op med flag og roser over hele bymidten og g\u00f8r klar til Ros\u00e9 Ros\u00e9 Festivalen.\" \/>\n<meta property=\"og:url\" content=\"https:\/\/koege.anvil.dk\/event\/flag-og-roser\/\" \/>\n<meta property=\"og:site_name\" content=\"K\u00f8ge Handel\" \/>\n<meta property=\"article:modified_time\" content=\"2026-01-19T13:36:23+00:00\" \/>\n<meta property=\"og:image\" content=\"http:\/\/koege.anvil.dk\/wp-content\/uploads\/2024\/01\/Oppyntning-Flag-1.webp\" \/>\n\t<meta property=\"og:image:width\" content=\"1200\" \/>\n\t<meta property=\"og:image:height\" content=\"600\" \/>\n\t<meta property=\"og:image:type\" content=\"image\/webp\" \/>\n<meta name=\"twitter:card\" content=\"summary_large_image\" \/>\n<meta name=\"twitter:label1\" content=\"Estimeret l\u00e6setid\" \/>\n\t<meta name=\"twitter:data1\" content=\"1 minut\" \/>\n<script type=\"application\/ld+json\" class=\"yoast-schema-graph\">{\"@context\":\"https:\/\/schema.org\",\"@graph\":[{\"@type\":\"WebPage\",\"@id\":\"https:\/\/koege.anvil.dk\/event\/flag-og-roser\/\",\"url\":\"https:\/\/koege.anvil.dk\/event\/flag-og-roser\/\",\"name\":\"Flag og Roser - K\u00f8ge Handel\",\"isPartOf\":{\"@id\":\"https:\/\/koege.anvil.dk\/#website\"},\"primaryImageOfPage\":{\"@id\":\"https:\/\/koege.anvil.dk\/event\/flag-og-roser\/#primaryimage\"},\"image\":{\"@id\":\"https:\/\/koege.anvil.dk\/event\/flag-og-roser\/#primaryimage\"},\"thumbnailUrl\":\"https:\/\/koege.anvil.dk\/wp-content\/uploads\/2024\/01\/Oppyntning-Flag-1.webp\",\"datePublished\":\"2024-01-26T13:33:25+00:00\",\"dateModified\":\"2026-01-19T13:36:23+00:00\",\"breadcrumb\":{\"@id\":\"https:\/\/koege.anvil.dk\/event\/flag-og-roser\/#breadcrumb\"},\"inLanguage\":\"da-DK\",\"potentialAction\":[{\"@type\":\"ReadAction\",\"target\":[\"https:\/\/koege.anvil.dk\/event\/flag-og-roser\/\"]}]},{\"@type\":\"ImageObject\",\"inLanguage\":\"da-DK\",\"@id\":\"https:\/\/koege.anvil.dk\/event\/flag-og-roser\/#primaryimage\",\"url\":\"https:\/\/koege.anvil.dk\/wp-content\/uploads\/2024\/01\/Oppyntning-Flag-1.webp\",\"contentUrl\":\"https:\/\/koege.anvil.dk\/wp-content\/uploads\/2024\/01\/Oppyntning-Flag-1.webp\",\"width\":1200,\"height\":600,\"caption\":\"Oppyntning Flag i K\u00f8ge\"},{\"@type\":\"BreadcrumbList\",\"@id\":\"https:\/\/koege.anvil.dk\/event\/flag-og-roser\/#breadcrumb\",\"itemListElement\":[{\"@type\":\"ListItem\",\"position\":1,\"name\":\"Home\",\"item\":\"https:\/\/koege.anvil.dk\/\"},{\"@type\":\"ListItem\",\"position\":2,\"name\":\"Begivenheder\",\"item\":\"https:\/\/koege.anvil.dk\/events\/\"},{\"@type\":\"ListItem\",\"position\":3,\"name\":\"Flag og Roser\"}]},{\"@type\":\"WebSite\",\"@id\":\"https:\/\/koege.anvil.dk\/#website\",\"url\":\"https:\/\/koege.anvil.dk\/\",\"name\":\"K\u00f8ge Handel\",\"description\":\"\",\"publisher\":{\"@id\":\"https:\/\/koege.anvil.dk\/#organization\"},\"potentialAction\":[{\"@type\":\"SearchAction\",\"target\":{\"@type\":\"EntryPoint\",\"urlTemplate\":\"https:\/\/koege.anvil.dk\/?s={search_term_string}\"},\"query-input\":{\"@type\":\"PropertyValueSpecification\",\"valueRequired\":true,\"valueName\":\"search_term_string\"}}],\"inLanguage\":\"da-DK\"},{\"@type\":\"Organization\",\"@id\":\"https:\/\/koege.anvil.dk\/#organization\",\"name\":\"K\u00f8ge Handel\",\"url\":\"https:\/\/koege.anvil.dk\/\",\"logo\":{\"@type\":\"ImageObject\",\"inLanguage\":\"da-DK\",\"@id\":\"https:\/\/koege.anvil.dk\/#\/schema\/logo\/image\/\",\"url\":\"http:\/\/koege.anvil.dk\/wp-content\/uploads\/2023\/10\/Koegehandel-logo.webp\",\"contentUrl\":\"http:\/\/koege.anvil.dk\/wp-content\/uploads\/2023\/10\/Koegehandel-logo.webp\",\"width\":600,\"height\":109,\"caption\":\"K\u00f8ge Handel\"},\"image\":{\"@id\":\"https:\/\/koege.anvil.dk\/#\/schema\/logo\/image\/\"}}]}<\/script>\n<!-- \/ Yoast SEO plugin. -->","yoast_head_json":{"title":"Flag og Roser - K\u00f8ge Handel","robots":{"index":"noindex","follow":"follow","max-snippet":"max-snippet:-1","max-image-preview":"max-image-preview:large","max-video-preview":"max-video-preview:-1"},"og_locale":"da_DK","og_type":"article","og_title":"Flag og Roser - K\u00f8ge Handel","og_description":"Vi pynter op med flag og roser over hele bymidten og g\u00f8r klar til Ros\u00e9 Ros\u00e9 Festivalen.","og_url":"https:\/\/koege.anvil.dk\/event\/flag-og-roser\/","og_site_name":"K\u00f8ge Handel","article_modified_time":"2026-01-19T13:36:23+00:00","og_image":[{"width":1200,"height":600,"url":"http:\/\/koege.anvil.dk\/wp-content\/uploads\/2024\/01\/Oppyntning-Flag-1.webp","type":"image\/webp"}],"twitter_card":"summary_large_image","twitter_misc":{"Estimeret l\u00e6setid":"1 minut"},"schema":{"@context":"https:\/\/schema.org","@graph":[{"@type":"WebPage","@id":"https:\/\/koege.anvil.dk\/event\/flag-og-roser\/","url":"https:\/\/koege.anvil.dk\/event\/flag-og-roser\/","name":"Flag og Roser - K\u00f8ge Handel","isPartOf":{"@id":"https:\/\/koege.anvil.dk\/#website"},"primaryImageOfPage":{"@id":"https:\/\/koege.anvil.dk\/event\/flag-og-roser\/#primaryimage"},"image":{"@id":"https:\/\/koege.anvil.dk\/event\/flag-og-roser\/#primaryimage"},"thumbnailUrl":"https:\/\/koege.anvil.dk\/wp-content\/uploads\/2024\/01\/Oppyntning-Flag-1.webp","datePublished":"2024-01-26T13:33:25+00:00","dateModified":"2026-01-19T13:36:23+00:00","breadcrumb":{"@id":"https:\/\/koege.anvil.dk\/event\/flag-og-roser\/#breadcrumb"},"inLanguage":"da-DK","potentialAction":[{"@type":"ReadAction","target":["https:\/\/koege.anvil.dk\/event\/flag-og-roser\/"]}]},{"@type":"ImageObject","inLanguage":"da-DK","@id":"https:\/\/koege.anvil.dk\/event\/flag-og-roser\/#primaryimage","url":"https:\/\/koege.anvil.dk\/wp-content\/uploads\/2024\/01\/Oppyntning-Flag-1.webp","contentUrl":"https:\/\/koege.anvil.dk\/wp-content\/uploads\/2024\/01\/Oppyntning-Flag-1.webp","width":1200,"height":600,"caption":"Oppyntning Flag i K\u00f8ge"},{"@type":"BreadcrumbList","@id":"https:\/\/koege.anvil.dk\/event\/flag-og-roser\/#breadcrumb","itemListElement":[{"@type":"ListItem","position":1,"name":"Home","item":"https:\/\/koege.anvil.dk\/"},{"@type":"ListItem","position":2,"name":"Begivenheder","item":"https:\/\/koege.anvil.dk\/events\/"},{"@type":"ListItem","position":3,"name":"Flag og Roser"}]},{"@type":"WebSite","@id":"https:\/\/koege.anvil.dk\/#website","url":"https:\/\/koege.anvil.dk\/","name":"K\u00f8ge Handel","description":"","publisher":{"@id":"https:\/\/koege.anvil.dk\/#organization"},"potentialAction":[{"@type":"SearchAction","target":{"@type":"EntryPoint","urlTemplate":"https:\/\/koege.anvil.dk\/?s={search_term_string}"},"query-input":{"@type":"PropertyValueSpecification","valueRequired":true,"valueName":"search_term_string"}}],"inLanguage":"da-DK"},{"@type":"Organization","@id":"https:\/\/koege.anvil.dk\/#organization","name":"K\u00f8ge Handel","url":"https:\/\/koege.anvil.dk\/","logo":{"@type":"ImageObject","inLanguage":"da-DK","@id":"https:\/\/koege.anvil.dk\/#\/schema\/logo\/image\/","url":"http:\/\/koege.anvil.dk\/wp-content\/uploads\/2023\/10\/Koegehandel-logo.webp","contentUrl":"http:\/\/koege.anvil.dk\/wp-content\/uploads\/2023\/10\/Koegehandel-logo.webp","width":600,"height":109,"caption":"K\u00f8ge Handel"},"image":{"@id":"https:\/\/koege.anvil.dk\/#\/schema\/logo\/image\/"}}]}},"_links":{"self":[{"href":"https:\/\/koege.anvil.dk\/index.php?rest_route=\/wp\/v2\/tribe_events\/7233","targetHints":{"allow":["GET"]}}],"collection":[{"href":"https:\/\/koege.anvil.dk\/index.php?rest_route=\/wp\/v2\/tribe_events"}],"about":[{"href":"https:\/\/koege.anvil.dk\/index.php?rest_route=\/wp\/v2\/types\/tribe_events"}],"author":[{"embeddable":true,"href":"https:\/\/koege.anvil.dk\/index.php?rest_route=\/wp\/v2\/users\/6"}],"version-history":[{"count":0,"href":"https:\/\/koege.anvil.dk\/index.php?rest_route=\/wp\/v2\/tribe_events\/7233\/revisions"}],"wp:featuredmedia":[{"embeddable":true,"href":"https:\/\/koege.anvil.dk\/index.php?rest_route=\/wp\/v2\/media\/9314"}],"wp:attachment":[{"href":"https:\/\/koege.anvil.dk\/index.php?rest_route=%2Fwp%2Fv2%2Fmedia&parent=7233"}],"wp:term":[{"taxonomy":"post_tag","embeddable":true,"href":"https:\/\/koege.anvil.dk\/index.php?rest_route=%2Fwp%2Fv2%2Ftags&post=7233"},{"taxonomy":"tribe_events_cat","embeddable":true,"href":"https:\/\/koege.anvil.dk\/index.php?rest_route=%2Fwp%2Fv2%2Ftribe_events_cat&post=7233"}],"curies":[{"name":"wp","href":"https:\/\/api.w.org\/{rel}","templated":true}]}}

<p>Vi pynter op over hele bymidten og gør klar til Rosé Rosé Festivalen.</p>
<p>Tag en tur gennem den smukke bymidte, hvor du kan lade dig fortrylle af et hav af flag, der danser i vinden over handelsgaderne og går du en tur igennem Jernbanegade, ser du &#8220;rosengaden&#8221;, hvor højt hængende roser daler ned.</p>
<p>Dette er også en markering af Køges stolte historie, der strækker sig tilbage i hele 738 år, når byen har fødselsdag den 4. juli.</p>
<p>Oplev stemningen, når Køge bliver dækket af flag og roser.</p>

<p>Vi pynter op med flag og roser over hele bymidten og gør klar til Rosé Rosé Festivalen.</p>

<!-- This site is optimized with the Yoast SEO plugin v27.2 - https://yoast.com/product/yoast-seo-wordpress/ -->
<title>Flag og Roser - Køge Handel</title>
<meta name="robots" content="noindex, follow, max-snippet:-1, max-image-preview:large, max-video-preview:-1" />
<meta property="og:locale" content="da_DK" />
<meta property="og:type" content="article" />
<meta property="og:title" content="Flag og Roser - Køge Handel" />
<meta property="og:description" content="Vi pynter op med flag og roser over hele bymidten og gør klar til Rosé Rosé Festivalen." />
<meta property="og:url" content="https://koege.anvil.dk/event/flag-og-roser/" />
<meta property="og:site_name" content="Køge Handel" />
<meta property="article:modified_time" content="2026-01-19T13:36:23+00:00" />
<meta property="og:image" content="http://koege.anvil.dk/wp-content/uploads/2024/01/Oppyntning-Flag-1.webp" />
	<meta property="og:image:width" content="1200" />
	<meta property="og:image:height" content="600" />
	<meta property="og:image:type" content="image/webp" />
<meta name="twitter:card" content="summary_large_image" />
<meta name="twitter:label1" content="Estimeret læsetid" />
	<meta name="twitter:data1" content="1 minut" />
<script type="application/ld+json" class="yoast-schema-graph">{"@context":"https://schema.org","@graph":[{"@type":"WebPage","@id":"https://koege.anvil.dk/event/flag-og-roser/","url":"https://koege.anvil.dk/event/flag-og-roser/","name":"Flag og Roser - Køge Handel","isPartOf":{"@id":"https://koege.anvil.dk/#website"},"primaryImageOfPage":{"@id":"https://koege.anvil.dk/event/flag-og-roser/#primaryimage"},"image":{"@id":"https://koege.anvil.dk/event/flag-og-roser/#primaryimage"},"thumbnailUrl":"https://koege.anvil.dk/wp-content/uploads/2024/01/Oppyntning-Flag-1.webp","datePublished":"2024-01-26T13:33:25+00:00","dateModified":"2026-01-19T13:36:23+00:00","breadcrumb":{"@id":"https://koege.anvil.dk/event/flag-og-roser/#breadcrumb"},"inLanguage":"da-DK","potentialAction":[{"@type":"ReadAction","target":["https://koege.anvil.dk/event/flag-og-roser/"]}]},{"@type":"ImageObject","inLanguage":"da-DK","@id":"https://koege.anvil.dk/event/flag-og-roser/#primaryimage","url":"https://koege.anvil.dk/wp-content/uploads/2024/01/Oppyntning-Flag-1.webp","contentUrl":"https://koege.anvil.dk/wp-content/uploads/2024/01/Oppyntning-Flag-1.webp","width":1200,"height":600,"caption":"Oppyntning Flag i Køge"},{"@type":"BreadcrumbList","@id":"https://koege.anvil.dk/event/flag-og-roser/#breadcrumb","itemListElement":[{"@type":"ListItem","position":1,"name":"Home","item":"https://koege.anvil.dk/"},{"@type":"ListItem","position":2,"name":"Begivenheder","item":"https://koege.anvil.dk/events/"},{"@type":"ListItem","position":3,"name":"Flag og Roser"}]},{"@type":"WebSite","@id":"https://koege.anvil.dk/#website","url":"https://koege.anvil.dk/","name":"Køge Handel","description":"","publisher":{"@id":"https://koege.anvil.dk/#organization"},"potentialAction":[{"@type":"SearchAction","target":{"@type":"EntryPoint","urlTemplate":"https://koege.anvil.dk/?s={search_term_string}"},"query-input":{"@type":"PropertyValueSpecification","valueRequired":true,"valueName":"search_term_string"}}],"inLanguage":"da-DK"},{"@type":"Organization","@id":"https://koege.anvil.dk/#organization","name":"Køge Handel","url":"https://koege.anvil.dk/","logo":{"@type":"ImageObject","inLanguage":"da-DK","@id":"https://koege.anvil.dk/#/schema/logo/image/","url":"http://koege.anvil.dk/wp-content/uploads/2023/10/Koegehandel-logo.webp","contentUrl":"http://koege.anvil.dk/wp-content/uploads/2023/10/Koegehandel-logo.webp","width":600,"height":109,"caption":"Køge Handel"},"image":{"@id":"https://koege.anvil.dk/#/schema/logo/image/"}}]}</script>
<!-- / Yoast SEO plugin. -->

Flag og Roser - Køge Handel

Vi pynter op med flag og roser over hele bymidten og gør klar til Rosé Rosé Festivalen.

Køge Handel

Oppyntning Flag i Køge
